ulate the highest common factor of 2405 and 617123.
481
What is the greatest common divisor of 2602914 and 3058?
278
Calculate the greatest common divisor of 52 and 736444.
4
What is the greatest common factor of 20 and 1017104?
4
What is the greatest common divisor of 69067607 and 98?
49
Calculate the greatest common divisor of 5053466 and 176.
22
Calculate the highest common factor of 1284 and 42505108.
428
What is the greatest common divisor of 4793490 and 2210?
2210
What is the highest common divisor of 2871 and 44109?
261
Calculate the greatest common factor of 8401841 and 89474.
581
Calculate the highest common factor of 84 and 2798844.
12
Calculate the highest common factor of 126984636 and 8946.
1278
What is the greatest common divisor of 33913999 and 210917?
7273
Calculate the highest common divisor of 57190 and 101120950.
3010
What is the highest common divisor of 85613 and 1877337?
473
What is the greatest common divisor of 2431815 and 482001?
2181
What is the greatest common factor of 9629130 and 210?
210
Calculate the highest common factor of 66039750 and 4500.
2250
Calculate the highest common factor of 65 and 2021756230.
65
Calculate the highest common divisor of 8 and 5162832.
8
What is the greatest common divisor of 75876149 and 979?
89
What is the highest common factor of 44951 and 173563?
79
What is the highest common divisor of 94559673 and 92261?
1963
Calculate the greatest common factor of 52504628 and 111.
37
Calculate the greatest common factor of 40528 and 80.
16
Calculate the greatest common factor of 373818 and 144.
6
Calculate the greatest common divisor of 229912 and 331876.
116
Calculate the greatest common factor of 78 and 1225387527.
39
Calculate the greatest common factor of 312 and 7664886.
6
What is the highest common divisor of 116890 and 30110?
10
What is the highest common divisor of 10423 and 12521001?
1489
What is the highest common divisor of 37152 and 152658?
54
Calculate the greatest common divisor of 706124 and 812.
4
What is the greatest common factor of 20802944 and 8?
8
What is the highest common factor of 56285796 and 672?
84
What is the highest common factor of 121094732 and 12?
4
What is the greatest common factor of 8200601 and 657?
73
Calculate the highest common factor of 121 and 2836669.
11
What is the highest common factor of 234 and 898911?
117
What is the highest common divisor of 27518937 and 220575?
8823
What is the greatest common divisor of 41185 and 250?
5
What is the highest common factor of 106 and 79646810?
106
What is the greatest common divisor of 1793211 and 1785?
357
What is the greatest common factor of 251115 and 420?
15
What is the highest common divisor of 442 and 38159152?
34
Calculate the greatest common divisor of 328651 and 29.
1
Calculate the highest common factor of 139876 and 821304.
748
What is the highest common factor of 5267864 and 42?
14
What is the greatest common factor of 516 and 61195278?
258
Calculate the highest common divisor of 57945135 and 45.
15
Calculate the greatest common divisor of 254270334 and 1494.
498
Calculate the greatest common factor of 178 and 857592074.
178
Calculate the highest common factor of 155 and 84325.
5
Calculate the highest common factor of 18189 and 57951.
423
What is the highest common factor of 298954300 and 2180?
2180
What is the greatest common factor of 138 and 16247338?
46
Calculate the highest common divisor of 10146 and 32737.
19
What is the greatest common factor of 129511844 and 140?
28
What is the highest common factor of 183865 and 59730?
55
Calculate the highest common divisor of 34593 and 2509.
13
What is the greatest common factor of 193038 and 1176?
6
Calculate the highest common factor of 2908714 and 278.
278
Calculate the highest common factor of 765 and 31437135.
45
Calculate the highest common divisor of 2 and 40609.
1
What is the greatest common divisor of 720 and 42872940?
180
What is the greatest common factor of 15387 and 267600?
669
Calculate the highest common divisor of 787577543 and 47.
47
Calculate the greatest common divisor of 36110 and 50210.
10
Calculate the highest common divisor of 25513757 and 148.
37
What is the highest common divisor of 3078 and 226992294?
162
Calculate the greatest common factor of 165909 and 199752.
87
What is the highest common factor of 74061 and 280800?
351
What is the highest common factor of 9493722 and 147?
21
Calculate the greatest common factor of 66676676 and 3779.
3779
Calculate the highest common divisor of 3131 and 50263.
1
What is the greatest common divisor of 27 and 102302703?
27
Calculate the highest common divisor of 865 and 9162253.
173
Calculate the greatest common divisor of 614 and 388871681.
307
What is the highest common divisor of 120 and 12744265?
5
What is the greatest common factor of 2478013 and 80143?
107
Calculate the greatest common divisor of 69095427 and 327.
327
What is the highest common factor of 84 and 17418534?
42
Calculate the greatest common divisor of 22639 and 74.
1
What is the greatest common divisor of 214352991 and 2927?
2927
What is the highest common factor of 1067798 and 602?
2
What is the greatest common factor of 29834609 and 1309?
119
Calculate the greatest common divisor of 243782785 and 2685.
895
What is the highest common factor of 525 and 1450974?
21
What is the greatest common factor of 170 and 23463366?
34
Calculate the highest common divisor of 14809 and 15330829.
251
Calculate the highest common factor of 17850276 and 125568.
3924
Calculate the greatest common factor of 5480 and 31812085.
685
What is the highest common divisor of 69249 and 1353?
123
Calculate the greatest common factor of 29605 and 14718335.
155
What is the greatest common divisor of 22 and 6833629?
11
Calculate the greatest common factor of 36 and 4873230.
18
What is the greatest common factor of 250 and 6203770?
10
Calculate the greatest common factor of 903 and 142201.
43
What is the highest common divisor of 280 and 70933820?
20
Calculate the greatest common factor of 2601404 and 395200.
988
What is the highest common factor of 270 and 1891647?
27
What is the greatest common divisor of 258893696 and 57?
19
Calculate the highest common divisor of 2363123 and 12789.
1421
Calculate the highest common divisor of 1600 and 2840640.
320
Calculate the highest common divisor of 2862 and 41188632.
318
What is the greatest common divisor of 8695 and 3286945?
235
Calculate the highest common divisor of 171 and 196513569.
9
What is the greatest common divisor of 53 and 12520455?
53
What is the greatest common factor of 7419 and 16591357?
2473
Calculate the greatest common factor of 143334 and 26.
2
Calculate the highest common factor of 33820505 and 194.
97
Calculate the greatest common factor of 2734404 and 1340.
268
Calculate the greatest common factor of 207210245 and 29370.
4895
Calculate the highest common divisor of 180 and 19607985.
45
What is the greatest common divisor of 48983 and 5423693?
671
What is the greatest common divisor of 2852 and 56853907?
713
What is the highest common divisor of 1192 and 31542257?
149
Calculate the highest common divisor of 108 and 39285468.
36
Calculate the greatest common factor of 1508 and 99869380.
52
What is the greatest common divisor of 1448 and 8520213?
181
Calculate the greatest common divisor of 4979009 and 7.
7
Calculate the highest common divisor of 5481 and 4691939.
203
What is the greatest common factor of 47432 and 21704?
8
What is the greatest common divisor of 9846315 and 4220?
1055
What is the greatest common factor of 36531314 and 1598?
94
What is the highest common factor of 22268040 and 165?
15
What is the greatest common factor of 10 and 32273530?
10
What is the highest common divisor of 91747 and 59?
1
Calculate the greatest common factor of 8928 and 1488672.
288
Calculate the greatest common factor of 7095507 and 30.
3
What is the greatest common divisor of 129964536 and 828?
828
Calculate the greatest common divisor of 126 and 19226268.
18
Calculate the highest common divisor of 14 and 186746.
14
Calculate the greatest common divisor of 1833251 and 27573.
707
Calculate the highest common factor of 5217 and 879227966.
1739
Calculate the highest common factor of 178315061 and 1063.
1063
